a). Let d(m) be the first derivative of k(m). Is d(-8) a prime number?
False
Let p(c) = -3 + 5 + 7 + 3*c + c**2. Is p(11) a prime number?
True
Let d = -110 - -221. Is d a prime number?
False
Suppose -4*c = -b - 77, -3*c + 5*b = 2*c - 115. Is 1274/c - 2/(-9) prime?
True
Let i be ((-2)/1 + 1)*0. Suppose i = 4*f - 0*f - 236. Is f composite?
False
Let j = 130 + 392. Is 10/4*j/15 composite?
True
Let k = 100 + 79. Is k composite?
False
Let i = 477 + -238. Is i a composite number?
False
Let i be (8/(-12))/(2/(-9)). Suppose 0 = -6*o + 15 + 9. Suppose 0*q + i*q + 88 = o*d, q = -2*d + 44. Is d a prime number?
False
Let v be (-3 - (-24)/9)*0. Let n be (-2 + 2 - -5)*1. Suppose -5*u - n*o + 25 = v, 0*u = 5*u - 5*o - 45. Is u a composite number?
False
Let t = 273 - 80. Suppose -t = -4*f - 5. Is f prime?
True
Let k be (30/18)/(1 + (-4)/6). Let i(s) be the first derivative of 5*s**3/3 - 4*s**2 + 4*s + 1. Is i(k) a prime number?
True
Let j = 124 - 18. Is j prime?
False
Suppose -2*k + 795 = y, 5024 = 5*y - 5*k + 1034. Is y a composite number?
False
Let r(n) = -5*n**2 + 1. Let z be r(-1). Is (-159)/(1 + z) + -2 prime?
False
Suppose 0 = -4*u + 12 + 8. Suppose -u*o + 4*y - 76 + 801 = 0, 5*y = 0. Is o a prime number?
False
Is -2 + 543 - (3 - (2 + 1)) a prime number?
True
Suppose 12 = 4*a - 5*g, 2*a = -2*g - 13 + 1. Let v = a + 7. Suppose y + 122 = v*x, 116 = 2*x + 3*x - 3*y. Is x a prime number?
False
Suppose 4*j - j = -6. Let i = 0 + j. Is ((-11)/i)/((-1)/(-6)) composite?
True
Let b(u) = 2*u**2 + 5*u. Let a(g) = -1. Let k(s) = 2*a(s) + b(s). Suppose 2*v + 5*i = 9, -2*v - 2*i + 3*i = -15. Is k(v) composite?
False
Let g(a) be the second derivative of a**4/12 - a**3/2 + 13*a**2/2 + a. Is g(9) prime?
True
Suppose -2*r = -4 - 2. Let b be r*2*2/3. Is 120/21 - b/(-14) composite?
True
Let i = 687 + 826. Is i prime?
False
Let j(p) = 9*p**2 + 15*p + 1. Let s be j(14). Suppose 5*l + m = -0*m + s, 0 = 5*m. Is l prime?
False
Let x be (-4 - 3/(-1))*-5. Suppose -4*c + 2*v - 10 = 0, 0*v + v - x = 4*c. Suppose c = -h + 25 + 78. Is h a composite number?
False
Let l(g) = -8*g**3 + 3*g**2 - 1. Let d(o) = -o**2 - o + 3. Let a be d(0). Let u be l(a). Let b = 279 + u. Is b composite?
False
Let o(b) = 3*b**2 - 3*b - 1. Let n be 3/3 + (-20)/(-2). Is o(n) composite?
True
Suppose -2*z + 16 = -14. Suppose -3*a - z = g + 4*g, g = -a - 5. Let x = a - -8. Is x a composite number?
False
Let v(i) = i**3 - 4*i**2 + 3*i - 17. Let u be v(7). Suppose 0 = -2*c - 0*c. Suppose -6*g + 251 = -g + 2*m, 3*g + m - u = c. Is g a composite number?
True
Let w(x) = -x**3 + 9*x**2 - 2*x - 7. Is w(6) prime?
True
Let q(n) = 30*n**2 - 9*n + 12. Is q(-5) a composite number?
True
Let f be (3 - 4) + 5 - 1. Suppose -f*n + 286 = -n. Is n a composite number?
True
Let b = -1 - 2. Let r be b + 2 - 1*-4. Suppose 2*h = 2*k + r*h - 60, 8 = -4*h. Is k composite?
False
Let t(l) = 2*l**3 - 9*l - 10 - 8*l**2 - 2*l**3 - l**3. Let z be t(-7). Suppose -2*f = -z*j - 134, 0*j - j = 0. Is f composite?
False
Let l = 9 - 7. Suppose -l*r + 0 = -4. Suppose j + p = -3*j + 844, -r*j + 422 = 5*p. Is j composite?
False
Let f(o) = 8*o**3 + 3*o**2 + 3*o + 2. Is f(3) composite?
True
Suppose 7 = 4*b - 5*y - 5, 2*b = -y - 8. Is -1*((-148)/(-2))/b composite?
False
Is 31666/18 - (-6)/(-27) a prime number?
True
Suppose 0 = -2*r + 4*r + 5*k - 378, -5*r + k + 891 = 0. Is r a composite number?
False
Let s(w) = w**3 - 8*w**2 + 6*w + 2. Suppose 0 = -5*l + l + 24. Let d be s(l). Is 1 + -3 - (1 + d) prime?
True
Let q be (-24)/14 + 4/(-14). Let l = 2 - q. Suppose -l*k + 16 = 0, 0*k = a - 4*k - 19. Is a a composite number?
True
Let k be (-1038)/5 + 6/(-15). Let r = k - -299. Is r composite?
True
Let y be (-4)/(-6) + (-862)/6. Let l = 334 + y. Is l prime?
True
Suppose 5*j + 4*p - 8 = -32, 7 = -2*j + p. Suppose -5*i + 18 + 7 = 0. Is ((-66)/j)/(i/10) a prime number?
False
Let s be (0 - (-1 + -1)) + 1038. Suppose 6*k = k + 5*o + s, 0 = -3*k - o + 636. Is k prime?
True
Let f = -167 + 240. Let t = f - 20. Is t a composite number?
False
Suppose -6*k - 1477 = -13*k. Is k composite?
False
Let c = 832 + -581. Is c prime?
True
Suppose -5747 = 14*w - 21*w. Is w prime?
True
Let r = 601 - -817. Is r composite?
True
Suppose 5*k - 5*h - 25 = 0, 2*k - 6*h = -h + 10. Let n(f) = -3*f**2 + 3 + 4 + 11*f + 2*f**2. Is n(k) composite?
False
Let m(t) = 3*t**3 - 9*t**2 + 14*t + 5. Is m(6) a composite number?
True
Let r(i) = -i**2 + 6*i - 5. Let n be r(4). Suppose f = -n*f + 1348. Is f prime?
True
Let r = 3 - 3. Suppose -3*s = -8*s + 3*u + 66, -5*u + 15 = r. Is (-3)/s + (-386)/(-5) a composite number?
True
Is -6 + 1 + 180 + 4 a prime number?
True
Suppose -s = -4*t - 25, -4 = -4*s - 3*t + 1. Suppose -s*m = -2*m - 4*l - 203, m - 67 = l. Is m a composite number?
True
Suppose -i + 3 = -2*r + 6, -5*i = 5*r - 60. Let v(o) = -o + 15. Let g be v(i). Is (-2)/g - 1095/(-12) a composite number?
True
Let w = 82 - -325. Is w composite?
True
Let x = -3 - -6. Suppose l + 130 = 4*j, -j - 2*l - x*l = -43. Is j a prime number?
False
Let o = -297 + 554. Is o prime?
True
Let i = -4 - -6. Suppose i*h - o = -h + 11, -5*h + 17 = -2*o. Suppose 3*g = h*m + 42, m - 30 = -5*g - 4*m. Is g prime?
False
Suppose 4*u - 42 = -4*f - 10, -2*u - 5*f + 31 = 0. Suppose -u*l = -5*l + 314. Is l prime?
True
Let y = -19 + 29. Suppose 3*i - 11 = y. Suppose -44 + i = -f. Is f prime?
True
Let d = 1157 - 748. Is d a composite number?
False
Let g(t) be the third derivative of t**5/15 - t**4/6 + 7*t**3/6 - 5*t**2. Is g(6) composite?
False
Suppose 4*b - 3*b = 5. Let z(d) = 18*d - 8*d + 11*d + b. Is z(4) a composite number?
False
Suppose -3*v + 3 = -3*w, 4*v - 20 = -4*w - 0*v. Let b(k) = -k**2 + 6*k - 3. Let a be b(4). Suppose -3*t + 6*t - 76 = -w*i, -a*i + 177 = t. Is i prime?
False
Let z(v) be the first derivative of v**6/360 - v**5/20 + 5*v**4/24 - v**3 + 1. Let r(j) be the third derivative of z(j). Is r(-6) prime?
False
Let g be 0 + -2 + 26 + 0. Let l = g + 119. Is l a composite number?
True
Let u be (-327)/(-13) - (-4)/(-26). Suppose u = 2*s - 109. Is s composite?
False
Let o(p) = -4*p**2 - 8*p - 1. Let c(t) = -3*t**2 - 8*t. Let b(f) = 7*c(f) - 6*o(f). Is b(7) composite?
False
Let d be -1 + -2 - (-1 + 3). Let g = d + 3. Let l(s) = -26*s - 3. Is l(g) a prime number?
False
Let k be (28/10)/(6/30). Suppose -6 = -2*u + k. Is u composite?
True
Let m(w) = 14*w**2 - 2*w - 6. Let z = 3 + -7. Is m(z) composite?
True
Let m(b) = 24*b + 7. Let i(s) = s - 1. Suppose -3*g + g + 12 = 0. Let w be i(g). Is m(w) a prime number?
True
Suppose 4*j = j + 12. Suppose u + j*l - 66 = 2*l, 0 = 2*u + 3*l - 128. Is u a composite number?
True
Let y(b) = -32*b**2 + b - 2. Let z be y(2). Suppose 0 = -12*f + 9*f - 831. Let o = z - f. Is o composite?
False
Let l be (8/(-28))/((-1)/14). Suppose -l*u + 2*u + 134 = 0. Is u a composite number?
False
Let r = -323 - -468. Let g = r + 162. Is g a composite number?
False
Suppose 5*v = 90 + 65. Is v a composite number?
False
Let f = 4268 + 3879. Is f a prime number?
True
Suppose w = 2*k - 141, -4*k - 7*w + 2*w + 289 = 0. Let h = 34 - -96. Suppose -3*i + k = -h. Is i a composite number?
False
Let k = 29 - 27. Suppose -k*b + 435 = 13. Is b prime?
True
Let w be 12*1*3/(-3). Let c = w - -3. Is (c - -8)/((-1)/19) prime?
True
Let v(j) = -6*j + 1. Suppose 5*r + 3*o = 89, -5*r - 12 = -2*o - 86. Let p = 11 - r. Is v(p) a prime number?
True
Suppose 0*w - 4*w = -8. Is (4*17)/w - 1 a composite number?
True
Let o(p) be the second derivative of p**7/2520 + p**6/240 - p**5/24 + p**4/12 - 2*p. Let g(m) be the third derivative of o(m). Is g(-6) composite?
False
Suppose -3*z + 77 = -241. Is z prime?
False
Suppose -76 = i + 123. Let s = i + 284. Is s a composite number?
True
Let s(z) = -z + 4 + z**2 - 7 - 2 + 3. Let f be s(-8). Suppose 3*c - f = -2*c. Is c composite?
True
Is ((-3)/2)/((-1)/14) composite?
True
Let n be 48/(-8)*2/4. Let w = 16 + -22. Is (-139)/n + 2/w prime?
False
Suppose 5*g - 15 = 5. Suppose 2*x = g, 2*l - 139 = -x + 29. Is l composite?
False
Let x = 673 + -478. Suppose 4*d - x = d. Suppose d + 4 = 3*a. Is a composite?
False
Suppose -2*j - 114 = -4*j. Suppose -3*s + 6 = -3*g - 24, 10 = s + 5*g. Is (j/(-3))/((-2)/s) prime?
False
Suppose 3*s - 2*o + 0*o = 14539, 3*o - 19357 = -4*s. Is s composite?
True
Let u(s) = -97*s + 